hat is the remainder when 1497698 is divided by 45?
8
What is the remainder when 28980662 is divided by 297?
293
What is the remainder when 1274371 is divided by 1611?
70
What is the remainder when 5519569 is divided by 1889?
1800
What is the remainder when 733879 is divided by 1613?
1577
Calculate the remainder when 4738610 is divided by 366.
8
Calculate the remainder when 49930059 is divided by 4391.
4389
What is the remainder when 22989007 is divided by 664?
663
What is the remainder when 279832 is divided by 9648?
40
What is the remainder when 14895089 is divided by 71?
70
What is the remainder when 10276536 is divided by 3425511?
3
Calculate the remainder when 1203290 is divided by 50.
40
Calculate the remainder when 3104384 is divided by 4.
0
What is the remainder when 1317827 is divided by 130?
17
What is the remainder when 399740339 is divided by 236?
235
Calculate the remainder when 23915 is divided by 4751.
160
What is the remainder when 197987 is divided by 39106?
2457
Calculate the remainder when 918815 is divided by 304930.
4025
What is the remainder when 40693676 is divided by 396?
320
What is the remainder when 972550826 is divided by 134?
132
Calculate the remainder when 178541 is divided by 1132.
817
Calculate the remainder when 4583397 is divided by 14833.
0
What is the remainder when 44952112 is divided by 712?
704
What is the remainder when 40213 is divided by 394?
25
What is the remainder when 39566 is divided by 13162?
80
What is the remainder when 60823530 is divided by 70154?
12
What is the remainder when 1568232 is divided by 120605?
367
Calculate the remainder when 67391 is divided by 118.
13
Calculate the remainder when 23544 is divided by 2669.
2192
Calculate the remainder when 13830328 is divided by 86.
66
Calculate the remainder when 8685166 is divided by 2895011.
133
Calculate the remainder when 1640324 is divided by 175.
49
What is the remainder when 986301 is divided by 93?
36
Calculate the remainder when 210769 is divided by 158.
155
Calculate the remainder when 2696986 is divided by 446.
24
Calculate the remainder when 9172462 is divided by 172.
46
What is the remainder when 5482497 is divided by 13811?
13341
Calculate the remainder when 3709220 is divided by 13200.
20
What is the remainder when 59590571 is divided by 66?
29
Calculate the remainder when 680916 is divided by 226970.
6
Calculate the remainder when 94260155 is divided by 94260139.
16
Calculate the remainder when 5562 is divided by 218.
112
What is the remainder when 52944 is divided by 64?
16
Calculate the remainder when 142967 is divided by 306.
65
What is the remainder when 202277 is divided by 1007?
877
What is the remainder when 54075 is divided by 4159?
8
Calculate the remainder when 367197 is divided by 322.
117
What is the remainder when 39349 is divided by 1724?
1421
Calculate the remainder when 129363 is divided by 439.
297
What is the remainder when 1164829 is divided by 2417?
2252
Calculate the remainder when 33176669 is divided by 7937.
9
Calculate the remainder when 1152888 is divided by 1513.
1495
What is the remainder when 2656100 is divided by 26?
18
Calculate the remainder when 398640 is divided by 1482.
1464
Calculate the remainder when 60078234 is divided by 2229.
2226
Calculate the remainder when 1654525 is divided by 665.
5
What is the remainder when 22287 is divided by 3381?
2001
Calculate the remainder when 46180764 is divided by 16842.
0
What is the remainder when 172255759 is divided by 43?
38
What is the remainder when 3594176 is divided by 3587?
2
What is the remainder when 268816 is divided by 177?
130
Calculate the remainder when 132390 is divided by 33088.
38
Calculate the remainder when 4227688 is divided by 2756.
2740
What is the remainder when 1111982 is divided by 55599?
2
What is the remainder when 5884318 is divided by 312?
310
Calculate the remainder when 5917251 is divided by 3733.
446
Calculate the remainder when 173938 is divided by 18852.
4270
What is the remainder when 24394 is divided by 21516?
2878
Calculate the remainder when 6933842 is divided by 4.
2
What is the remainder when 1434753 is divided by 1290?
273
Calculate the remainder when 13167273 is divided by 1847.
10
What is the remainder when 31119151 is divided by 7813?
7785
What is the remainder when 331163006 is divided by 626017?
13
Calculate the remainder when 36270 is divided by 35906.
364
Calculate the remainder when 6920076 is divided by 331.
190
Calculate the remainder when 582569873 is divided by 575.
573
Calculate the remainder when 15436497 is divided by 150.
147
Calculate the remainder when 3308926 is divided by 192.
190
What is the remainder when 531536 is divided by 588?
572
Calculate the remainder when 2225246 is divided by 750.
746
What is the remainder when 7997385 is divided by 8144?
8121
Calculate the remainder when 932656 is divided by 310881.
13
Calculate the remainder when 2562123 is divided by 1304.
1067
Calculate the remainder when 200445 is divided by 1078.
1015
Calculate the remainder when 599169 is divided by 85594.
11
What is the remainder when 27452 is divided by 113?
106
What is the remainder when 7878061 is divided by 2625979?
124
What is the remainder when 786772 is divided by 524?
248
Calculate the remainder when 16752155 is divided by 43.
0
What is the remainder when 559183 is divided by 186392?
7
What is the remainder when 648157 is divided by 648083?
74
What is the remainder when 380478 is divided by 29265?
33
Calculate the remainder when 15686992 is divided by 7843480.
32
What is the remainder when 3621186 is divided by 144846?
36
What is the remainder when 11645055 is divided by 1272?
1167
What is the remainder when 81864 is divided by 257?
138
What is the remainder when 5893230 is divided by 37536?
78
Calculate the remainder when 1581370 is divided by 1397.
1363
Calculate the remainder when 494442040 is divided by 102.
100
What is the remainder when 3796339 is divided by 348?
7
What is the remainder when 193207 is divided by 38487?
772
What is the remainder when 1935936 is divided by 450?
36
Calculate the remainder when 562974 is divided by 17591.
62
Calculate the remainder when 10235381 is divided by 136.
21
Calculate the remainder when 3781394 is divided by 676.
526
What is the remainder when 889367 is divided by 444555?
257
Calculate the remainder when 38943514 is divided by 6.
4
What is the remainder when 2425310 is divided by 21?
20
Calculate the remainder when 39943104 is divided by 79.
72
What is the remainder when 1743764 is divided by 23?
19
What is the remainder when 4029641 is divided by 671606?
5
Calculate the remainder when 239584 is divided by 26447.
1561
What is the remainder when 5777090 is divided by 1965?
1955
What is the remainder when 381791 is divided by 94764?
2735
What is the remainder when 13501184 is divided by 6750488?
208
What is the remainder when 596282 is divided by 1222?
1168
Calculate the remainder when 170464 is divided by 16434.
6124
What is the remainder when 15089 is divided by 1576?
905
What is the remainder when 23220 is divided by 396?
252
Calculate the remainder when 590464 is divided by 4962.
4948
What is the remainder when 231453 is divided by 85?
83
What is the remainder when 6423777 is divided by 2944?
2913
What is the remainder when 29762458 is divided by 883?
60
Calculate the remainder when 195308 is divided by 48677.
600
What is the remainder when 112424 is divided by 10834?
4084
Calculate the remainder when 226169 is divided by 7261.
1078
What is the remainder when 925336 is divided by 3169?
3157
Calculate the remainder when 460362 is divided by 289.
274
What is the remainder when 2456 is divided by 1477?
979
What is the remainder when 1913471 is divided by 1847?
1826
Calculate the remainder when 1070273 is divided by 770.
743
Calculate the remainder when 22762 is divided by 161.
61
What is the remainder when 527875 is divided by 58651?
16
Calculate the remainder when 5475738 is divided by 456310.
18
What is the remainder when 7371774 is divided by 297?
234
What is the remainder when 5035863 is divided by 584?
31
Calculate the remainder when 187935 is divided by 17018.
737
What is the remainder when 10213008 is divided by 3404336?
0
Calculate the remainder